4*g - 223 + 22 = 0, -3*g = 3*u - 204. Is u composite?
False
Let k be (85/(-2))/(-1)*-2. Let r = -166 + 10. Let v = k - r. Is v prime?
True
Let d(j) = j + 10. Let c be d(-7). Suppose 4*i - 153 = c*r, 99 = 5*i - r - 95. Suppose 3*z - 31 = 2*a + i, -z - a + 30 = 0. Is z composite?
True
Suppose 30 = o + 4*o. Let f be (-3 - (-46)/6)*o. Is (f/(-8))/(1/(-14)) prime?
False
Is (75519/(-9) + 4)/(-4 - -3) a prime number?
True
Let n be 8/(-2) - (1 + -3334). Suppose 4*k - n = -2*s - 387, 5*k + s = 3673. Let h = k + -387. Is h prime?
True
Let x = 267 + -467. Is -2 + (2 - x) + 3 a prime number?
False
Let h be 2*(-6)/4*-1. Let x(z) = 0 + 5*z**h + 3 + 3*z**2 - 6 + 2. Is x(2) prime?
False
Let l(w) = -6*w**3 + w**2 + 16*w - 10. Let u(f) = -5*f**3 + 15*f - 9. Let d(i) = -4*l(i) + 5*u(i). Suppose 3*s - 1 + 25 = 0. Is d(s) prime?
True
Is (-1543)/((1 + 0)*(-4 + 3)) prime?
True
Let f(m) = 5*m**2 - 3*m - 15. Suppose -t - t = 20. Is f(t) a composite number?
True
Let u be (28/4 + -1)*1/(-2). Is (-1067)/u - (-38)/(-57) prime?
False
Suppose 7*g - 50786 = 5*g. Is g composite?
True
Let f = 32 + -30. Let u(o) = 16*o**2 - o**3 + 4*o - 4*o**f - 12*o - 14. Is u(11) a composite number?
False
Let x(u) = u**3 + u**2 - 1. Let z(w) = -19*w**3 - 2*w**2 + 3*w + 6. Let n(q) = -5*x(q) - z(q). Is n(6) a composite number?
False
Let f(q) = -3*q - 57. Let y be f(-20). Suppose 2736 = y*v - s, -v + 4546 = 4*v + 3*s. Is v prime?
True
Let o = -63738 + 184585. Is o composite?
False
Let v = -15 - -7. Let l(z) = z**3 + 5*z**2 - 9*z + 6. Let a be l(v). Let h = 208 + a. Is h a prime number?
False
Let k(d) = -6 - d - 2 + 3 + 1. Let o be k(-8). Suppose -o*n + 2*n + 2*s = -376, 0 = -5*n - 3*s + 900. Is n composite?
True
Let d be 370/(-4)*8/(-10). Let s = d - 38. Suppose 0 = -3*c - 4*t + 27, -c + 2*t - s = -5*c. Is c a prime number?
False
Let i(j) = -j**3 + 5*j**2 - 6*j + 9. Let z be i(4). Let q be (z + -1)/(-9 - -12). Suppose -3*b + 51 + 66 = q. Is b a composite number?
True
Let a be (-2)/((15/5)/(-252)). Let v = a - 113. Is v a prime number?
False
Suppose 3*l - 262144 = 2*v, -l + 2*v - 1587 = -88967. Is l a composite number?
True
Suppose 5*d - 5 = -10. Let k be (d + 4)/(12/16). Suppose 5*i + 6 + 4 = 0, 246 = k*z - 5*i. Is z prime?
True
Is 22/(-4)*14/(-21)*21 prime?
False
Suppose g = 23524 - 847. Is g prime?
False
Let z = 78 + 59. Suppose 0 = i + 5, -4*a + 0*a + i + z = 0. Is a a composite number?
True
Suppose -5*o = 3*c + 460, -3*o - 4 = -16. Suppose 0 = x - 5*h - 271, 4*x + 0*h = -3*h + 1084. Let w = c + x. Is w a prime number?
False
Suppose 0 = -148*m + 126*m + 947606. Is m composite?
True
Let d = -29189 - -13067. Is d/(-14) + 8/(-14) a prime number?
True
Let w(a) = 244*a + 261. Is w(32) prime?
True
Suppose -3*n + 23 = -2*z, -n + 3*z + 3 = -0*z. Suppose -n*u + 1662 = -4161. Is u a prime number?
True
Let p = 2400 + -1407. Is p a composite number?
True
Let t(w) = -2*w - 23. Let b be t(-13). Suppose 2*m + 5*u = 69, b*u = u - 2. Is m a composite number?
False
Suppose 0 = -2*o - 4*h + 9533 + 2919, -3*o - 3*h + 18666 = 0. Is o a prime number?
False
Let h(v) = v**2 + 7*v + 5. Let b be h(-7). Is 12/(-4) + b - -72 a prime number?
False
Let i = -16799 - -40942. Is i a prime number?
False
Suppose 4*h - 28279 = -f, -7*h + 2*h + 5*f + 35330 = 0. Is h a composite number?
False
Suppose 3037 = -3*x + 13. Let y(k) = -k**2 - 7*k - 1. Let h be y(-6). Is x/(-15) + (-1)/h composite?
False
Is 5835/(-12)*-23 - (-35)/28 a prime number?
False
Suppose 34*i = 21*i + 131027. Is i a prime number?
True
Suppose 5*l + 730 + 70 = 5*m, -4*l + m - 646 = 0. Let n = 249 + l. Is n a composite number?
True
Suppose -65 = 4*z + z. Let t = z - -15. Suppose 0 = -p + 5, t*c - 5*c = 3*p - 108. Is c composite?
False
Let o = 87708 + -62425. Is o a prime number?
False
Let s(v) = 9 - 10 - v**3 + 9*v + 4 + 2*v**2. Is s(-8) a prime number?
True
Suppose x - 152 = -3*w, 0*x = -4*w - 4*x + 216. Suppose z + l - 6*l - w = 0, 0 = 4*l. Is z a prime number?
False
Suppose 68 = 5*g + 2*a, 0*g - 4*a - 32 = -4*g. Let d(j) = -2*j + 27. Let l be d(g). Suppose -82 = -l*i - 4*b, -i = -0*i + 5*b - 42. Is i a composite number?
True
Let x = -58 - -137. Suppose -a - 5*q + 100 = 21, a - x = -q. Is a a composite number?
False
Let g = -3 + 15. Let o = 0 + g. Suppose 5*n - 3159 = -r, -o = -2*r - r. Is n a composite number?
False
Let x be (-1 + -2 - 0)/(3/(-2)). Suppose 0 = l + 5*b - 13, 5 - 17 = -2*l + 4*b. Is (3 - l/x)*-31 a composite number?
False
Let c = -14 - -19. Suppose 0 = -c*a - 15, -o - 2*a = -6*o + 251. Let s = o - -34. Is s composite?
False
Let r(q) = 2463*q + 14. Is r(3) a prime number?
False
Suppose m + 656 = p, -p + 0*p + 656 = -5*m. Let b = 1363 - p. Is b composite?
True
Let p(c) = 12*c**2 + 61*c + 134. Is p(-21) a prime number?
False
Suppose 0 = -7*b + 31 + 4. Suppose -4*p - b*n + 2646 = 673, 0 = -p - n + 492. Is p composite?
False
Suppose -3*m - 66 = 4*d, 3*d + 19 + 24 = m. Let s(i) = i**3 + 18*i**2 - 7*i + 17. Is s(d) composite?
False
Let j = 27658 + -10507. Is j a composite number?
True
Let s(r) = -r - 2. Let x be s(8). Let g be 18*2/x*15. Let f = 37 - g. Is f a prime number?
False
Let w be (-3)/6*2 - -1. Let c = -76 - -78. Suppose 5*f = d + 1672, c*f + w*f = 3*d + 661. Is f a composite number?
True
Suppose -7 = -5*o + 3. Suppose 2*s = 6 - o. Is s/(-6) - (-13040)/24 composite?
True
Let g(h) = h**2 + 11*h - 4. Suppose 0 = 2*v + 3*r + 19, -3*v - 3*r - 13 = 17. Let m be g(v). Is (-2354)/m + (-3)/2 a composite number?
False
Suppose -21*h + 18*h - 3*r + 130968 = 0, -5*h = -3*r - 218320. Is h composite?
False
Let z(m) = -75*m**3 + 10*m**2 - 2*m + 26. Is z(-5) a composite number?
False
Suppose -9644 = -2*k + 3*p, 27*p - 4827 = -k + 31*p. Is k a composite number?
True
Let d(j) = -j**3 - 18*j**2 + 105*j + 143. Is d(-39) composite?
True
Is (-1 - -1) + 22227 + 37 + -35 a prime number?
True
Let m(u) = 30*u - 5. Let j = 5 + 2. Is m(j) a composite number?
True
Let b(d) = -9848*d**3 + 3*d**2 - 7*d - 7. Is b(-1) composite?
False
Let w = -180 - -471. Is w a composite number?
True
Suppose -h - 12 + 0 = 0. Let v = 17 + h. Suppose 3*a - 257 = 4*j + j, -403 = -v*a + 2*j. Is a a composite number?
False
Let l(b) = -3*b**3 - b**2 - 2. Let u be l(-4). Is -3*u/(-9) - 3 composite?
True
Is 2/12 + (-1043994)/(-252) composite?
True
Let s(x) = x + 6. Let d(j) = 4*j + 25. Let t(n) = 2*d(n) - 9*s(n). Let b be t(-6). Is b/(-9) + (-20046)/(-54) a composite number?
True
Let n(w) be the second derivative of -w**5/20 + w**4/6 - 5*w**3/3 - 4*w**2 - 10*w. Suppose -8 + 1 = z + t, z + 5*t = -7. Is n(z) a prime number?
True
Let p(k) = 207*k - 233. Is p(20) prime?
True
Let k = -28865 - -44680. Is k a prime number?
False
Let k be 4/5 - (-12)/(-15). Suppose k = -13*c + 16*c - 3783. Is c composite?
True
Let o(m) = -13*m + 1. Suppose 21 = 2*u - 5*n + 60, -4*n = u. Is o(u) composite?
False
Let x(k) = 2*k**2 - 17*k - 8. Let p be x(12). Suppose p = 3*j + j. Is j a composite number?
False
Suppose -14 = -i + 2*c, 2*i - 2*c = -3*i + 78. Let a = 23 + i. Is a a prime number?
False
Let h(t) = t + 15. Let c be h(-11). Suppose 3*o = -5*f + 664, f + 0*f - c*o = 142. Let i = -67 + f. Is i prime?
True
Let d(f) = -f**3 + 4*f**2 + 5*f + 6. Let y be d(5). Let m be 2 - y*(-28)/4. Suppose p + m = 193. Is p composite?
False
Let u(r) = 2*r - 33. Let k be u(15). Is (1769 - (1 + 0)) + k composite?
True
Let h(x) = 21*x**2 + 32*x - 60. Is h(-23) prime?
True
Suppose 29*z - 21*z - 588184 = 0. Is z prime?
True
Suppose -4*j + 79995 = -5*x, 0 = -4*j + 4*x + 41327 + 38673. Is j a composite number?
True
Let u(w) = -480*w + 33. Is u(-2) a composite number?
True
Let f = 10 - 19. Let h be 396/14 - 6/21. Let l = h + f. Is l a composite number?
False
Let w(l) = -l**2 - 22*l - 36. Let c be w(-20). Suppose -6*m - 4*a - 10924 = -10*m, 8 = -c*a. Is m prime?
True
Let j = 17 + -15. Suppose 0*t = -j*t + 2326. Is t a prime number?
True
Is (-9101)/(1/(8/(-8))) composite?
True
Let s(a) = -1 + 3*a**2 + 4 + a - 5 + 5*a**2. Suppose -3*y - 15 = 2*y. Is s(y) a prime number?
True
Let w(z) be the first derivative of z**4/4 + 3*z**3 - 6*z**2 + 11*z + 14. Suppose 3*u = -2*c - 22, -6*u - 5*c - 30 = -u. Is w(u) a prime number?
True
Let p(y) = 6*y - 2. Suppose 4*j - 20 = -g - 3*g, -j = -3*g - 1. Let m(f) = f. Let h(u) = g*p(u) + 5*m(u). Is h(3) a composi